{"id":899,"date":"2016-08-16T17:12:31","date_gmt":"2016-08-16T17:12:31","guid":{"rendered":"http:\/\/new.wtfsales.com.ar\/productos\/?post_type=product&#038;p=899"},"modified":"2022-02-21T19:05:18","modified_gmt":"2022-02-21T19:05:18","slug":"kuro-one-piece","status":"publish","type":"product","link":"https:\/\/www.wtfsales.com.ar\/productos\/index.php\/producto\/kuro-one-piece\/","title":{"rendered":"Kuro -One Piece"},"content":{"rendered":"<p>9 cm x 5 cm x 3 cm<\/p>\n<div><\/div>\n<div>El Capit\u00e1n Kuro (\u30ad\u30e3\u30d7\u30c6\u30f3\u30fb\u30af\u30ed, Kyaputen Kuro) es un famoso y temido capit\u00e1n cuyo nombre es la palabra negro en japon\u00e9s debido a que es un personaje oscuro en todos los sentidos.<\/div>\n<div><\/div>\n<div>Sobre su cabeza hay una recompensa de 16.000.000 . Es el l\u00edder de la banda de piratas Kuroneko (Gato Negro).<\/div>\n<div><\/div>\n<div><\/div>\n<div>Como capit\u00e1n pirata lleva una chaqueta negra con su Jolly Roger en sus hombreras.<\/div>\n<div><\/div>\n<div>Es un hombre de pelo negro con gafas, chaqueta y pantalones negros y una camisa blanca, en sus manos lleva como unas grandes zarpas en unos guantes.<\/div>\n<div><\/div>\n<div><\/div>\n<div>Es un hombre con una inteligencia de alto nivel, es un gran estratega, un guerrero consumado, un asesino con poca paciencia ya que se enoj\u00f3 porque su banda tardaba en llegar donde hab\u00edan quedado.<\/div>\n<div>Como estaba harto de su banda que era d\u00e9bil ataco a varios marines y cogiendo a un miembro de su banda lo hipnotizaron para que creyera ser Kuro y este usando su astucia enga\u00f1o a la familia de Kaya para as\u00ed poder quedarse un d\u00eda con su fortuna y vivir tranquilo<\/div>\n<div><\/div>\n<div>Habilidades y Poderes<\/div>\n<div><\/div>\n<div>Kuro con sus ZarpasEra un pirata muy competente ya que asesinaba a sus victimas con sus zarpas y adem\u00e1s tiene con una velocidad similar al Rokushiki. La t\u00e9cnica m\u00e1s famosa de Captain Kuro es el \u00abNuki-ashi\u00bb (Paso silencioso), que le permite desplazarse a una velocidad inapreciable para el ojo humano y acabar con sus enemigos \u00absigilosamente\u00bb.<\/div>\n<div>Tecnica de Kuro Tambi\u00e9n tiene una t\u00e9cnica avanzada de este, llamada \u00abShakushi\u00bb (cuchara de bamb\u00fa, escrito con el kanji de muerte) con el que se mueve a tal velocidad que es incapaz de saber si ataca a aliados o enemigos.<\/div>\n<div><\/div>\n<div>Oda, creador de la serie, ha dicho que el Shakushi de Kuro y la habilidad \u00abSoru\u00bb de CP9 se mueven casi a la misma velocidad. La diferencia es que cuando Kuro usa esa t\u00e9cnica no distingue lo que ataca, mientras que los miembros de CP9 la han dominado y por lo tanto si pueden. Tambi\u00e9n ha dicho que supera los 20 m\/s, es decir, 72 km\/h.<\/div>\n","protected":false},"excerpt":{"rendered":"<p>9 cm x 5 cm x 3 cm<\/p>\n<div><\/div>\n<div>El Capit\u00e1n Kuro (\u30ad\u30e3\u30d7\u30c6\u30f3\u30fb\u30af\u30ed, Kyaputen Kuro) es un famoso y temido capit\u00e1n cuyo nombre es la palabra negro en japon\u00e9s debido a que es un personaje oscuro en todos los sentidos.<\/div>\n<div><\/div>\n<div>Sobre su cabeza hay una recompensa de 16.000.000 . Es el l\u00edder de la banda de piratas Kuroneko (Gato Negro).<\/div>\n<div><\/div>\n<div><\/div>\n<div>Como capit\u00e1n pirata lleva una chaqueta negra con su Jolly Roger en sus hombreras.<\/div>\n<div><\/div>\n<div>Es un hombre de pelo negro con gafas, chaqueta y pantalones negros y una camisa blanca, en sus manos lleva como unas grandes zarpas en unos guantes.<\/div>\n<div><\/div>\n<div><\/div>\n<div>Es un hombre con una inteligencia de alto nivel, es un gran estratega, un guerrero consumado, un asesino con poca paciencia ya que se enoj\u00f3 porque su banda tardaba en llegar donde hab\u00edan quedado.<\/div>\n<div>Como estaba harto de su banda que era d\u00e9bil ataco a varios marines y cogiendo a un miembro de su banda lo hipnotizaron para que creyera ser Kuro y este usando su astucia enga\u00f1o a la familia de Kaya para as\u00ed poder quedarse un d\u00eda con su fortuna y vivir tranquilo<\/div>\n<div><\/div>\n<div>Habilidades y Poderes<\/div>\n<div><\/div>\n<div>Kuro con sus ZarpasEra un pirata muy competente ya que asesinaba a sus victimas con sus zarpas y adem\u00e1s tiene con una velocidad similar al Rokushiki. La t\u00e9cnica m\u00e1s famosa de Captain Kuro es el \u00abNuki-ashi\u00bb (Paso silencioso), que le permite desplazarse a una velocidad inapreciable para el ojo humano y acabar con sus enemigos \u00absigilosamente\u00bb.<\/div>\n<div>Tecnica de Kuro Tambi\u00e9n tiene una t\u00e9cnica avanzada de este, llamada \u00abShakushi\u00bb (cuchara de bamb\u00fa, escrito con el kanji de muerte) con el que se mueve a tal velocidad que es incapaz de saber si ataca a aliados o enemigos.<\/div>\n<div><\/div>\n<div>Oda, creador de la serie, ha dicho que el Shakushi de Kuro y la habilidad \u00abSoru\u00bb de CP9 se mueven casi a la misma velocidad. La diferencia es que cuando Kuro usa esa t\u00e9cnica no distingue lo que ataca, mientras que los miembros de CP9 la han dominado y por lo tanto si pueden. Tambi\u00e9n ha dicho que supera los 20 m\/s, es decir, 72 km\/h.<\/div>\n","protected":false},"featured_media":3807,"comment_status":"open","ping_status":"closed","template":"","meta":[],"product_cat":[408],"product_tag":[158,154,157,156,159],"_links":{"self":[{"href":"https:\/\/www.wtfsales.com.ar\/productos\/index.php\/wp-json\/wp\/v2\/product\/899"}],"collection":[{"href":"https:\/\/www.wtfsales.com.ar\/productos\/index.php\/wp-json\/wp\/v2\/product"}],"about":[{"href":"https:\/\/www.wtfsales.com.ar\/productos\/index.php\/wp-json\/wp\/v2\/types\/product"}],"replies":[{"embeddable":true,"href":"https:\/\/www.wtfsales.com.ar\/productos\/index.php\/wp-json\/wp\/v2\/comments?post=899"}],"wp:featuredmedia":[{"embeddable":true,"href":"https:\/\/www.wtfsales.com.ar\/productos\/index.php\/wp-json\/wp\/v2\/media\/3807"}],"wp:attachment":[{"href":"https:\/\/www.wtfsales.com.ar\/productos\/index.php\/wp-json\/wp\/v2\/media?parent=899"}],"wp:term":[{"taxonomy":"product_cat","embeddable":true,"href":"https:\/\/www.wtfsales.com.ar\/productos\/index.php\/wp-json\/wp\/v2\/product_cat?post=899"},{"taxonomy":"product_tag","embeddable":true,"href":"https:\/\/www.wtfsales.com.ar\/productos\/index.php\/wp-json\/wp\/v2\/product_tag?post=899"}],"curies":[{"name":"wp","href":"https:\/\/api.w.org\/{rel}","templated":true}]}}