{"id":879,"date":"2016-08-16T16:52:06","date_gmt":"2016-08-16T16:52:06","guid":{"rendered":"http:\/\/new.wtfsales.com.ar\/productos\/?post_type=product&#038;p=879"},"modified":"2022-02-21T18:44:18","modified_gmt":"2022-02-21T18:44:18","slug":"super-mario-bros-2","status":"publish","type":"product","link":"https:\/\/www.wtfsales.com.ar\/productos\/index.php\/producto\/super-mario-bros-2\/","title":{"rendered":"Super Mario Bros"},"content":{"rendered":"<div>5.2 cm x 4 cm x 2 cm<\/div>\n<div><\/div>\n<div>&#8211; Base R\u00edgida desmontable.<\/div>\n<div><\/div>\n<div>-Producto sin movilidad.<\/div>\n<div><\/div>\n<div>&#8211; En Caja original de la foto.<\/div>\n<div><\/div>\n<div>&#8211; Producto Nuevo<\/div>\n<p>&nbsp;<\/p>\n<p>Super Mario Bros, es un videojuego de plataformas, dise\u00f1ado por Shigeru Miyamoto, lanzado el 13 de septiembre de 1985 y producido por la compa\u00f1\u00eda Nintendo, para la consola Nintendo Entertainment System (NES).El juego describe las aventuras de dos fontaneros, Mario \u2014quien ya hab\u00eda aparecido en otros videojuegos previos, tales como Donkey Kong y Mario Bros.\u2014 y Luigi; ambos deben rescatar a la Princesa Peach, del Reino Champi\u00f1on, que fue secuestrada por el rey de los koopas, Bowser. A trav\u00e9s de ocho diferentes niveles de juego, los jugadores pueden controlar a alguno de los dos hermanos y deben enfrentarse finalmente tras los niveles correspondientes de cada mundo a los monstruos de cada castillo para liberar a Peach.<\/p>\n<div><\/div>\n<div>Super Mario Bros. fue el juego que populariz\u00f3 al personaje de Mario, convirti\u00e9ndolo en el \u00edcono principal de Nintendo, y uno de los personajes m\u00e1s reconocidos de los videojuegos. Adem\u00e1s, present\u00f3 por primera vez a la Princesa Peach Toadstool, Toad, Bowser, entre otros personajes. Este juego es considerado el primer videojuego de plataformas de desplazamiento lateral de Nintendo y se ha convertido en un hito debido a la trascendencia de su dise\u00f1o y papel en la industria de los videojuegos. Su lanzamiento fue el primer gran r\u00e9cord de ventas posterior a la crisis de la industria de los videojuegos de 1983 (alcanzando m\u00e1s de 10 millones de cartuchos vendidos), por lo que populariz\u00f3, en cierta manera, a la consola NES. En 1999 fue reconocido como uno de los videojuegos m\u00e1s vendidos de todos los tiempos.<\/div>\n<div><\/div>\n<div>Tras su \u00e9xito comercial, tuvo una secuela directa, conocida en fuera de Jap\u00f3n como Super Mario Bros.: The Lost Levels, ya que en occidente se comercializ\u00f3 como la secuela directa una variaci\u00f3n de otro juego en el que hab\u00eda participado Miyamoto, Yume Koujou Doki Doki Panic!, debido a que se consider\u00f3 la versi\u00f3n lanzada en Jap\u00f3n como demasiado dif\u00edcil. Tuvo tambi\u00e9n una variedad de versiones \u00abalternas\u00bb, como All Night Nippon Super Mario Bros., as\u00ed como adaptaciones a arcade, pel\u00edculas y series de televisi\u00f3n.<\/div>\n<div>El 13 de septiembre de 2010 se conmemor\u00f3 el 25\u00ba aniversario del juego desde su salida para la Famicom en Jap\u00f3n, as\u00ed como el 25\u00b0 aniversario de la franquicia. En noviembre de 2010 la ciudad espa\u00f1ola de Zaragoza dedic\u00f3 una avenida al famoso fontanero.<\/div>\n","protected":false},"excerpt":{"rendered":"<p>5.2 cm x 4 cm x 2 cm &#8211; Base R\u00edgida desmontable. -Producto sin movilidad. &#8211; En Caja original de la foto. &#8211; Producto Nuevo &nbsp; Super Mario Bros, es<\/p>\n","protected":false},"featured_media":3597,"comment_status":"open","ping_status":"closed","template":"","meta":[],"product_cat":[408],"product_tag":[148,151,150,149],"_links":{"self":[{"href":"https:\/\/www.wtfsales.com.ar\/productos\/index.php\/wp-json\/wp\/v2\/product\/879"}],"collection":[{"href":"https:\/\/www.wtfsales.com.ar\/productos\/index.php\/wp-json\/wp\/v2\/product"}],"about":[{"href":"https:\/\/www.wtfsales.com.ar\/productos\/index.php\/wp-json\/wp\/v2\/types\/product"}],"replies":[{"embeddable":true,"href":"https:\/\/www.wtfsales.com.ar\/productos\/index.php\/wp-json\/wp\/v2\/comments?post=879"}],"wp:featuredmedia":[{"embeddable":true,"href":"https:\/\/www.wtfsales.com.ar\/productos\/index.php\/wp-json\/wp\/v2\/media\/3597"}],"wp:attachment":[{"href":"https:\/\/www.wtfsales.com.ar\/productos\/index.php\/wp-json\/wp\/v2\/media?parent=879"}],"wp:term":[{"taxonomy":"product_cat","embeddable":true,"href":"https:\/\/www.wtfsales.com.ar\/productos\/index.php\/wp-json\/wp\/v2\/product_cat?post=879"},{"taxonomy":"product_tag","embeddable":true,"href":"https:\/\/www.wtfsales.com.ar\/productos\/index.php\/wp-json\/wp\/v2\/product_tag?post=879"}],"curies":[{"name":"wp","href":"https:\/\/api.w.org\/{rel}","templated":true}]}}