{"id":868,"date":"2016-08-16T16:41:58","date_gmt":"2016-08-16T16:41:58","guid":{"rendered":"http:\/\/new.wtfsales.com.ar\/productos\/?post_type=product&#038;p=868"},"modified":"2022-02-21T18:39:48","modified_gmt":"2022-02-21T18:39:48","slug":"luigi-super-mario-bros-2","status":"publish","type":"product","link":"https:\/\/www.wtfsales.com.ar\/productos\/index.php\/producto\/luigi-super-mario-bros-2\/","title":{"rendered":"Luigi &#8211; Super Mario Bros"},"content":{"rendered":"<div>5 cm x 4 cm x 2 cm<\/div>\n<div><\/div>\n<div>-Producto sin movilidad.<\/div>\n<div><\/div>\n<div>&#8211; Producto Nuevo<\/div>\n<div><\/div>\n<div>\n<div>Luigi \u00a0es un personaje ficticio , que aparece en los videojuegos y los medios de comunicaci\u00f3n relacionados con Nintendo . Creado por el destacado dise\u00f1ador de juegos Shigeru Miyamoto , Luigi es retratado como el un poco m\u00e1s joven gemelo fraterno hermano de la mascota de Nintendo, Mario , y aparece en muchos juegos en todo el Mario serie , con frecuencia como un compa\u00f1ero a su hermano y el deuteragonista de la serie.<\/div>\n<div><\/div>\n<div>Luigi apareci\u00f3 por primera vez en el juego de arcade de 1983 Mario Bros. como el personaje controlado por el segundo jugador, y mantuvo esta funci\u00f3n en Super Mario Bros. , Super Mario Bros. 3 , Super Mario World , y otros t\u00edtulos. El primer juego en el que estaba disponible como personaje principal fue Super Mario Bros. 2 . En sus apariciones m\u00e1s recientes, el papel de Luigi se convirti\u00f3 cada vez m\u00e1s restringido a los spin-offs como elMario Party y Mario Kart serie, a pesar de que ha aparecido en un papel protagonista en dos ocasiones: primero en el 1991 juego educativo Mario is Missing , m\u00e1s tarde, en Mansi\u00f3n de Luigi para el de la Nintendo GameCubeen 2001 y en Mansi\u00f3n de Luigi: Dark Moon para el 3DS . En ambos juegos, que est\u00e1 llamado a actuar como el h\u00e9roe, porque Mario, el h\u00e9roe habitual dentro de la franquicia, est\u00e1 en necesidad de rescate. Luigi tambi\u00e9n ha aparecido en todos los episodios de las tres DiC serie de televisi\u00f3n basada en la Nintendo Entertainment Systemy Super Nintendo Entertainment System juegos.<\/div>\n<div><\/div>\n<div>Originalmente desarrollado como una paleta de intercambio de Mario con un esquema de color verde en lugar de rojo, Luigi desde entonces ha desarrollado una personalidad y estilo propio. A medida que su papel en el Marioserie progresaba, Luigi se convirti\u00f3 en un personaje f\u00edsicamente diferente, m\u00e1s alto y m\u00e1s delgado que su hermano. Aunque como buen coraz\u00f3n como Mario, Luigi se presenta como t\u00edmido y cobarde a veces, especialmente en la presencia de fantasmas o cuando se enfrentan a tareas aparentemente imposibles de realizar.<\/div>\n<div><\/div>\n<\/div>\n","protected":false},"excerpt":{"rendered":"<p>5 cm x 4 cm x 2 cm -Producto sin movilidad. &#8211; Producto Nuevo Luigi \u00a0es un personaje ficticio , que aparece en los videojuegos y los medios de comunicaci\u00f3n<\/p>\n","protected":false},"featured_media":3606,"comment_status":"open","ping_status":"closed","template":"","meta":[],"product_cat":[300,408],"product_tag":[148,151,150,149],"_links":{"self":[{"href":"https:\/\/www.wtfsales.com.ar\/productos\/index.php\/wp-json\/wp\/v2\/product\/868"}],"collection":[{"href":"https:\/\/www.wtfsales.com.ar\/productos\/index.php\/wp-json\/wp\/v2\/product"}],"about":[{"href":"https:\/\/www.wtfsales.com.ar\/productos\/index.php\/wp-json\/wp\/v2\/types\/product"}],"replies":[{"embeddable":true,"href":"https:\/\/www.wtfsales.com.ar\/productos\/index.php\/wp-json\/wp\/v2\/comments?post=868"}],"wp:featuredmedia":[{"embeddable":true,"href":"https:\/\/www.wtfsales.com.ar\/productos\/index.php\/wp-json\/wp\/v2\/media\/3606"}],"wp:attachment":[{"href":"https:\/\/www.wtfsales.com.ar\/productos\/index.php\/wp-json\/wp\/v2\/media?parent=868"}],"wp:term":[{"taxonomy":"product_cat","embeddable":true,"href":"https:\/\/www.wtfsales.com.ar\/productos\/index.php\/wp-json\/wp\/v2\/product_cat?post=868"},{"taxonomy":"product_tag","embeddable":true,"href":"https:\/\/www.wtfsales.com.ar\/productos\/index.php\/wp-json\/wp\/v2\/product_tag?post=868"}],"curies":[{"name":"wp","href":"https:\/\/api.w.org\/{rel}","templated":true}]}}