{"id":2218,"date":"2016-09-23T13:16:30","date_gmt":"2016-09-23T13:16:30","guid":{"rendered":"http:\/\/new.wtfsales.com.ar\/productos\/?post_type=product&#038;p=2218"},"modified":"2021-12-14T01:45:08","modified_gmt":"2021-12-14T01:45:08","slug":"75o-aviversario-batman-tazas-conmemorativas","status":"publish","type":"product","link":"https:\/\/www.wtfsales.com.ar\/productos\/index.php\/producto\/75o-aviversario-batman-tazas-conmemorativas\/","title":{"rendered":"75\u00ba Aviversario Batman &#8211; Tazas Conmemorativas"},"content":{"rendered":"<p>&nbsp;<\/p>\n<div class=\"noticiacaja2\">\n<p><img src=\"http:\/\/www.ecartelera.com\/images\/noticias\/18600\/18675.gif\" alt=\"Batman Day: DC Comics celebra el 75 aniversario del hombre murci\u00e9lago\" \/>2 Modelos Exclusivos en conmemoracion del 75\u00ba Aniversario de la primera aparicion de Batman!<\/p>\n<p>El 23 de julio se ha declarado oficialmente como el \u00abBatman Day&#8217; por motivo del 75 aniversario del hombre murci\u00e9lago m\u00e1s famoso del mundo de DC Comics. La franquicia de c\u00f3mics se ha asociado con miles de tiendas de c\u00f3mics y libros del todo Estados Unidos para celebrar dicho d\u00eda.<\/p>\n<p>Los aficionados que visiten las tiendas recibir\u00e1n gratuitamente una especial edici\u00f3n del Detective Comics #27 que ofrece una reinvenci\u00f3n del primer comic de Batman de 1939 dise\u00f1ado por Chip Kidd y escrito por Brad Meltzer.<\/p>\n<p>La edici\u00f3n especial de Detective Comics tambi\u00e9n estar\u00e1 disponible en www.readdcentertainment.com y en todas las plataformas digitales como Kindle, iBookstore, Nook, Google Play y comixology.com. Esperemos que con motivo de &#8216;Batman Day&#8217;, haya alguna que otra sorpresa de &#8216;Batman v Superman: Dawn of Justice&#8217; en la Convenci\u00f3n Internacional de C\u00f3mics de San Diego 2014 que se celebra el pr\u00f3ximo 24 de julio.<\/p>\n<p>Repaso cinematogr\u00e1fico del hombre murci\u00e9lago<\/p>\n<p>Si miramos hacia atr\u00e1s, la primera pel\u00edcula del hombre murci\u00e9lago que se realiz\u00f3 se bas\u00f3 en la serie de televisi\u00f3n de los 60: &#8216;Batman: La pel\u00edcula&#8217; con Adam West y Burt Ward como protagonistas. M\u00e1s tarde Tim Burton, con motivo del 50 aniversario de la creaci\u00f3n del personaje, estren\u00f3 en 1989 su &#8216;Batman&#8217; con la caracter\u00edstica est\u00e9tica del director cambiando el tradicional traje azul y gris original por uno completamente negro, al que estamos acostumbrados hoy d\u00eda.<\/p>\n<p>&#8216;Batman vuelve&#8217; fue la \u00faltima pel\u00edcula de Burton antes de seguir con &#8216;Batman Forever&#8217; que la dirigi\u00f3Joel Schumacher para dar una versi\u00f3n m\u00e1s familiar y menos oscura que las de Burton. M\u00e1s tarde, se realiz\u00f3 la criticada &#8216;Batman y Robin&#8217; protagonizada por George Clooney la cual recaud\u00f3 m\u00e1s de 200 millones de d\u00f3lares, una recaudaci\u00f3n m\u00ednima durante esos a\u00f1os.<\/p>\n<p>&#8216;Batman Begins&#8217;, &#8216;El Caballero Oscuro&#8217; y &#8216;El Caballero Oscuro: La leyenda renace&#8217; son las pel\u00edculas de Christopher Nolan con Christian Bale que retomaron de nuevo las aventuras de Batman cosechando un gran \u00e9xito por todo el mundo. Ahora habr\u00e1 que esperar a poder ver de nuevo al caballero oscuro en &#8216;Batman v Superman: Dawn of Justice&#8217; dirigida por Zack Snyder que ser\u00e1 estrenada el 6 de mayo de 2016, adem\u00e1s de una pel\u00edcula en solitario con Ben Affleck que podr\u00eda llegar en 2019<\/p>\n<p>&nbsp;<\/p>\n<div align=\"center\"><iframe loading=\"lazy\" class=\"vine-embed loaded \" src=\"https:\/\/vine.co\/v\/M2d0qY05BtF\/embed\/simple\" width=\"600\" height=\"600\" frameborder=\"0\"><\/iframe><\/div>\n<p><img loading=\"lazy\" class=\"alignnone size-full wp-image-2224\" src=\"http:\/\/new.wtfsales.com.ar\/productos\/wp-content\/uploads\/2016\/09\/DSC_2258-500x500.jpg\" alt=\"dsc_2258-500x500\" width=\"500\" height=\"500\" srcset=\"https:\/\/www.wtfsales.com.ar\/productos\/wp-content\/uploads\/2016\/09\/DSC_2258-500x500.jpg 500w, https:\/\/www.wtfsales.com.ar\/productos\/wp-content\/uploads\/2016\/09\/DSC_2258-500x500-300x300.jpg 300w, https:\/\/www.wtfsales.com.ar\/productos\/wp-content\/uploads\/2016\/09\/DSC_2258-500x500-100x100.jpg 100w, https:\/\/www.wtfsales.com.ar\/productos\/wp-content\/uploads\/2016\/09\/DSC_2258-500x500-150x150.jpg 150w\" sizes=\"(max-width: 500px) 100vw, 500px\" \/> <img loading=\"lazy\" class=\"alignnone size-full wp-image-2223\" src=\"http:\/\/new.wtfsales.com.ar\/productos\/wp-content\/uploads\/2016\/09\/DSC_2260-500x500.jpg\" alt=\"dsc_2260-500x500\" width=\"500\" height=\"500\" srcset=\"https:\/\/www.wtfsales.com.ar\/productos\/wp-content\/uploads\/2016\/09\/DSC_2260-500x500.jpg 500w, https:\/\/www.wtfsales.com.ar\/productos\/wp-content\/uploads\/2016\/09\/DSC_2260-500x500-300x300.jpg 300w, https:\/\/www.wtfsales.com.ar\/productos\/wp-content\/uploads\/2016\/09\/DSC_2260-500x500-100x100.jpg 100w, https:\/\/www.wtfsales.com.ar\/productos\/wp-content\/uploads\/2016\/09\/DSC_2260-500x500-150x150.jpg 150w\" sizes=\"(max-width: 500px) 100vw, 500px\" \/> <img loading=\"lazy\" class=\"alignnone size-full wp-image-2222\" src=\"http:\/\/new.wtfsales.com.ar\/productos\/wp-content\/uploads\/2016\/09\/DSC_2259-500x500.jpg\" alt=\"dsc_2259-500x500\" width=\"500\" height=\"500\" srcset=\"https:\/\/www.wtfsales.com.ar\/productos\/wp-content\/uploads\/2016\/09\/DSC_2259-500x500.jpg 500w, https:\/\/www.wtfsales.com.ar\/productos\/wp-content\/uploads\/2016\/09\/DSC_2259-500x500-300x300.jpg 300w, https:\/\/www.wtfsales.com.ar\/productos\/wp-content\/uploads\/2016\/09\/DSC_2259-500x500-100x100.jpg 100w, https:\/\/www.wtfsales.com.ar\/productos\/wp-content\/uploads\/2016\/09\/DSC_2259-500x500-150x150.jpg 150w\" sizes=\"(max-width: 500px) 100vw, 500px\" \/> <img loading=\"lazy\" class=\"alignnone size-full wp-image-2221\" src=\"http:\/\/new.wtfsales.com.ar\/productos\/wp-content\/uploads\/2016\/09\/DSC_2256-500x500.jpg\" alt=\"dsc_2256-500x500\" width=\"500\" height=\"500\" srcset=\"https:\/\/www.wtfsales.com.ar\/productos\/wp-content\/uploads\/2016\/09\/DSC_2256-500x500.jpg 500w, https:\/\/www.wtfsales.com.ar\/productos\/wp-content\/uploads\/2016\/09\/DSC_2256-500x500-300x300.jpg 300w, https:\/\/www.wtfsales.com.ar\/productos\/wp-content\/uploads\/2016\/09\/DSC_2256-500x500-100x100.jpg 100w, https:\/\/www.wtfsales.com.ar\/productos\/wp-content\/uploads\/2016\/09\/DSC_2256-500x500-150x150.jpg 150w\" sizes=\"(max-width: 500px) 100vw, 500px\" \/> <img loading=\"lazy\" class=\"alignnone size-full wp-image-2220\" src=\"http:\/\/new.wtfsales.com.ar\/productos\/wp-content\/uploads\/2016\/09\/DSC_2257-500x500.jpg\" alt=\"dsc_2257-500x500\" width=\"500\" height=\"500\" srcset=\"https:\/\/www.wtfsales.com.ar\/productos\/wp-content\/uploads\/2016\/09\/DSC_2257-500x500.jpg 500w, https:\/\/www.wtfsales.com.ar\/productos\/wp-content\/uploads\/2016\/09\/DSC_2257-500x500-300x300.jpg 300w, https:\/\/www.wtfsales.com.ar\/productos\/wp-content\/uploads\/2016\/09\/DSC_2257-500x500-100x100.jpg 100w, https:\/\/www.wtfsales.com.ar\/productos\/wp-content\/uploads\/2016\/09\/DSC_2257-500x500-150x150.jpg 150w\" sizes=\"(max-width: 500px) 100vw, 500px\" \/> <img loading=\"lazy\" class=\"alignnone size-full wp-image-2219\" src=\"http:\/\/new.wtfsales.com.ar\/productos\/wp-content\/uploads\/2016\/09\/DSC_2261-500x500.jpg\" alt=\"dsc_2261-500x500\" width=\"500\" height=\"500\" srcset=\"https:\/\/www.wtfsales.com.ar\/productos\/wp-content\/uploads\/2016\/09\/DSC_2261-500x500.jpg 500w, https:\/\/www.wtfsales.com.ar\/productos\/wp-content\/uploads\/2016\/09\/DSC_2261-500x500-300x300.jpg 300w, https:\/\/www.wtfsales.com.ar\/productos\/wp-content\/uploads\/2016\/09\/DSC_2261-500x500-100x100.jpg 100w, https:\/\/www.wtfsales.com.ar\/productos\/wp-content\/uploads\/2016\/09\/DSC_2261-500x500-150x150.jpg 150w\" sizes=\"(max-width: 500px) 100vw, 500px\" \/><\/p>\n<p style=\"text-align: center;\"><strong>ELEG\u00cd ENTRE LOS MAS DE 900 MODELOS QUE TENEMOS!\u00a0<\/strong><\/p>\n<\/div>\n<div class=\"noticiacaja2\"><img loading=\"lazy\" class=\"alignnone size-full wp-image-2242\" src=\"http:\/\/www.wtfsales.com.ar\/productos\/wp-content\/uploads\/2016\/09\/Catalogo-Tazas-001.jpg\" alt=\"Catalogo-Tazas-001\" width=\"2096\" height=\"3301\" \/><\/div>\n<div class=\"noticiacaja2\"><img loading=\"lazy\" class=\"alignnone size-full wp-image-2243\" src=\"http:\/\/www.wtfsales.com.ar\/productos\/wp-content\/uploads\/2016\/09\/Catalogo-Tazas-002.jpg\" alt=\"Catalogo-Tazas-002\" width=\"2096\" height=\"3301\" \/><\/div>\n<div class=\"noticiacaja2\"><img loading=\"lazy\" class=\"alignnone size-full wp-image-2244\" src=\"http:\/\/www.wtfsales.com.ar\/productos\/wp-content\/uploads\/2016\/09\/Catalogo-Tazas-003.jpg\" alt=\"Catalogo-Tazas-003\" width=\"2096\" height=\"3301\" \/><\/div>\n<div class=\"noticiacaja2\"><img loading=\"lazy\" class=\"alignnone size-full wp-image-2245\" src=\"http:\/\/www.wtfsales.com.ar\/productos\/wp-content\/uploads\/2016\/09\/Catalogo-Tazas-004.jpg\" alt=\"Catalogo-Tazas-004\" width=\"2096\" height=\"3301\" \/> <img loading=\"lazy\" class=\"alignnone size-full wp-image-2246\" src=\"http:\/\/www.wtfsales.com.ar\/productos\/wp-content\/uploads\/2016\/09\/Catalogo-Tazas-005.jpg\" alt=\"Catalogo-Tazas-005\" width=\"2096\" height=\"3301\" \/> <img loading=\"lazy\" class=\"alignnone size-full wp-image-2247\" src=\"http:\/\/www.wtfsales.com.ar\/productos\/wp-content\/uploads\/2016\/09\/Catalogo-Tazas-006.jpg\" alt=\"Catalogo-Tazas-006\" width=\"2096\" height=\"3301\" \/> <img loading=\"lazy\" class=\"alignnone size-full wp-image-2248\" src=\"http:\/\/www.wtfsales.com.ar\/productos\/wp-content\/uploads\/2016\/09\/Catalogo-Tazas-007.jpg\" alt=\"Catalogo-Tazas-007\" width=\"2096\" height=\"3301\" \/> <img loading=\"lazy\" class=\"alignnone size-full wp-image-2249\" src=\"http:\/\/www.wtfsales.com.ar\/productos\/wp-content\/uploads\/2016\/09\/Catalogo-Tazas-008.jpg\" alt=\"Catalogo-Tazas-008\" width=\"2096\" height=\"3301\" \/> <img loading=\"lazy\" class=\"alignnone size-full wp-image-2250\" src=\"http:\/\/www.wtfsales.com.ar\/productos\/wp-content\/uploads\/2016\/09\/Catalogo-Tazas-009.jpg\" alt=\"Catalogo-Tazas-009\" width=\"2096\" height=\"3301\" \/> <img loading=\"lazy\" class=\"alignnone size-full wp-image-2251\" src=\"http:\/\/www.wtfsales.com.ar\/productos\/wp-content\/uploads\/2016\/09\/Catalogo-Tazas-010.jpg\" alt=\"Catalogo-Tazas-010\" width=\"2096\" height=\"3301\" \/> <img loading=\"lazy\" class=\"alignnone size-full wp-image-2252\" src=\"http:\/\/www.wtfsales.com.ar\/productos\/wp-content\/uploads\/2016\/09\/Catalogo-Tazas-011.jpg\" alt=\"Catalogo-Tazas-011\" width=\"2096\" height=\"3301\" \/> <img loading=\"lazy\" class=\"alignnone size-full wp-image-2253\" src=\"http:\/\/www.wtfsales.com.ar\/productos\/wp-content\/uploads\/2016\/09\/Catalogo-Tazas-012.jpg\" alt=\"Catalogo-Tazas-012\" width=\"2096\" height=\"3301\" \/> <img loading=\"lazy\" class=\"alignnone size-full wp-image-2254\" src=\"http:\/\/www.wtfsales.com.ar\/productos\/wp-content\/uploads\/2016\/09\/Catalogo-Tazas-013.jpg\" alt=\"Catalogo-Tazas-013\" width=\"2096\" height=\"3301\" \/> <img loading=\"lazy\" class=\"alignnone size-full wp-image-2255\" src=\"http:\/\/www.wtfsales.com.ar\/productos\/wp-content\/uploads\/2016\/09\/Catalogo-Tazas-014.jpg\" alt=\"Catalogo-Tazas-014\" width=\"2096\" height=\"3301\" \/> <img loading=\"lazy\" class=\"alignnone size-full wp-image-2256\" src=\"http:\/\/www.wtfsales.com.ar\/productos\/wp-content\/uploads\/2016\/09\/Catalogo-Tazas-015.jpg\" alt=\"Catalogo-Tazas-015\" width=\"2096\" height=\"3301\" \/> <img loading=\"lazy\" class=\"alignnone size-full wp-image-2257\" src=\"http:\/\/www.wtfsales.com.ar\/productos\/wp-content\/uploads\/2016\/09\/Catalogo-Tazas-016.jpg\" alt=\"Catalogo-Tazas-016\" width=\"2096\" height=\"3301\" \/> <img loading=\"lazy\" class=\"alignnone size-full wp-image-2258\" src=\"http:\/\/www.wtfsales.com.ar\/productos\/wp-content\/uploads\/2016\/09\/Catalogo-Tazas-017.jpg\" alt=\"Catalogo-Tazas-017\" width=\"2096\" height=\"3301\" \/> <img loading=\"lazy\" class=\"alignnone size-full wp-image-2259\" src=\"http:\/\/www.wtfsales.com.ar\/productos\/wp-content\/uploads\/2016\/09\/Catalogo-Tazas-018.jpg\" alt=\"Catalogo-Tazas-018\" width=\"2096\" height=\"3301\" \/> <img loading=\"lazy\" class=\"alignnone size-full wp-image-2260\" src=\"http:\/\/www.wtfsales.com.ar\/productos\/wp-content\/uploads\/2016\/09\/Catalogo-Tazas-019.jpg\" alt=\"Catalogo-Tazas-019\" width=\"2096\" height=\"3301\" \/> <img loading=\"lazy\" class=\"alignnone size-full wp-image-2261\" src=\"http:\/\/www.wtfsales.com.ar\/productos\/wp-content\/uploads\/2016\/09\/Catalogo-Tazas-020.jpg\" alt=\"Catalogo-Tazas-020\" width=\"2096\" height=\"3301\" \/><\/div>\n<div class=\"noticiacaja2\"><img loading=\"lazy\" class=\"alignnone size-full wp-image-2262\" src=\"http:\/\/www.wtfsales.com.ar\/productos\/wp-content\/uploads\/2016\/09\/Catalogo-Tazas-021.jpg\" alt=\"Catalogo-Tazas-021\" width=\"2096\" height=\"3301\" \/> <img loading=\"lazy\" class=\"alignnone size-full wp-image-2283\" src=\"http:\/\/www.wtfsales.com.ar\/productos\/wp-content\/uploads\/2016\/09\/Catalogo-Tazas-042.jpg\" alt=\"Catalogo-Tazas-042\" width=\"2096\" height=\"3301\" \/> <img loading=\"lazy\" class=\"alignnone size-full wp-image-2282\" src=\"http:\/\/www.wtfsales.com.ar\/productos\/wp-content\/uploads\/2016\/09\/Catalogo-Tazas-041.jpg\" alt=\"Catalogo-Tazas-041\" width=\"2096\" height=\"3301\" \/> <img loading=\"lazy\" class=\"alignnone size-full wp-image-2281\" src=\"http:\/\/www.wtfsales.com.ar\/productos\/wp-content\/uploads\/2016\/09\/Catalogo-Tazas-040.jpg\" alt=\"Catalogo-Tazas-040\" width=\"2096\" height=\"3301\" \/> <img loading=\"lazy\" class=\"alignnone size-full wp-image-2280\" src=\"http:\/\/www.wtfsales.com.ar\/productos\/wp-content\/uploads\/2016\/09\/Catalogo-Tazas-039.jpg\" alt=\"Catalogo-Tazas-039\" width=\"2096\" height=\"3301\" \/> <img loading=\"lazy\" class=\"alignnone size-full wp-image-2279\" src=\"http:\/\/www.wtfsales.com.ar\/productos\/wp-content\/uploads\/2016\/09\/Catalogo-Tazas-038.jpg\" alt=\"Catalogo-Tazas-038\" width=\"2096\" height=\"3301\" \/> <img loading=\"lazy\" class=\"alignnone size-full wp-image-2278\" src=\"http:\/\/www.wtfsales.com.ar\/productos\/wp-content\/uploads\/2016\/09\/Catalogo-Tazas-037.jpg\" alt=\"Catalogo-Tazas-037\" width=\"2096\" height=\"3301\" \/> <img loading=\"lazy\" class=\"alignnone size-full wp-image-2277\" src=\"http:\/\/www.wtfsales.com.ar\/productos\/wp-content\/uploads\/2016\/09\/Catalogo-Tazas-036.jpg\" alt=\"Catalogo-Tazas-036\" width=\"2096\" height=\"3301\" \/> <img loading=\"lazy\" class=\"alignnone size-full wp-image-2276\" src=\"http:\/\/www.wtfsales.com.ar\/productos\/wp-content\/uploads\/2016\/09\/Catalogo-Tazas-035.jpg\" alt=\"Catalogo-Tazas-035\" width=\"2096\" height=\"3301\" \/> <img loading=\"lazy\" class=\"alignnone size-full wp-image-2275\" src=\"http:\/\/www.wtfsales.com.ar\/productos\/wp-content\/uploads\/2016\/09\/Catalogo-Tazas-034.jpg\" alt=\"Catalogo-Tazas-034\" width=\"2096\" height=\"3301\" \/> <img loading=\"lazy\" class=\"alignnone size-full wp-image-2274\" src=\"http:\/\/www.wtfsales.com.ar\/productos\/wp-content\/uploads\/2016\/09\/Catalogo-Tazas-033.jpg\" alt=\"Catalogo-Tazas-033\" width=\"2096\" height=\"3301\" \/> <img loading=\"lazy\" class=\"alignnone size-full wp-image-2273\" src=\"http:\/\/www.wtfsales.com.ar\/productos\/wp-content\/uploads\/2016\/09\/Catalogo-Tazas-032.jpg\" alt=\"Catalogo-Tazas-032\" width=\"2096\" height=\"3301\" \/> <img loading=\"lazy\" class=\"alignnone size-full wp-image-2272\" src=\"http:\/\/www.wtfsales.com.ar\/productos\/wp-content\/uploads\/2016\/09\/Catalogo-Tazas-031.jpg\" alt=\"Catalogo-Tazas-031\" width=\"2096\" height=\"3301\" \/> <img loading=\"lazy\" class=\"alignnone size-full wp-image-2271\" src=\"http:\/\/www.wtfsales.com.ar\/productos\/wp-content\/uploads\/2016\/09\/Catalogo-Tazas-030.jpg\" alt=\"Catalogo-Tazas-030\" width=\"2096\" height=\"3301\" \/> <img loading=\"lazy\" class=\"alignnone size-full wp-image-2270\" src=\"http:\/\/www.wtfsales.com.ar\/productos\/wp-content\/uploads\/2016\/09\/Catalogo-Tazas-029.jpg\" alt=\"Catalogo-Tazas-029\" width=\"2096\" height=\"3301\" \/> <img loading=\"lazy\" class=\"alignnone size-full wp-image-2269\" src=\"http:\/\/www.wtfsales.com.ar\/productos\/wp-content\/uploads\/2016\/09\/Catalogo-Tazas-028.jpg\" alt=\"Catalogo-Tazas-028\" width=\"2096\" height=\"3301\" \/> <img loading=\"lazy\" class=\"alignnone size-full wp-image-2268\" src=\"http:\/\/www.wtfsales.com.ar\/productos\/wp-content\/uploads\/2016\/09\/Catalogo-Tazas-027.jpg\" alt=\"Catalogo-Tazas-027\" width=\"2096\" height=\"3301\" \/> <img loading=\"lazy\" class=\"alignnone size-full wp-image-2267\" src=\"http:\/\/www.wtfsales.com.ar\/productos\/wp-content\/uploads\/2016\/09\/Catalogo-Tazas-026.jpg\" alt=\"Catalogo-Tazas-026\" width=\"2096\" height=\"3301\" \/> <img loading=\"lazy\" class=\"alignnone size-full wp-image-2266\" src=\"http:\/\/www.wtfsales.com.ar\/productos\/wp-content\/uploads\/2016\/09\/Catalogo-Tazas-025.jpg\" alt=\"Catalogo-Tazas-025\" width=\"2096\" height=\"3301\" \/> <img loading=\"lazy\" class=\"alignnone size-full wp-image-2265\" src=\"http:\/\/www.wtfsales.com.ar\/productos\/wp-content\/uploads\/2016\/09\/Catalogo-Tazas-024.jpg\" alt=\"Catalogo-Tazas-024\" width=\"2096\" height=\"3301\" \/> <img loading=\"lazy\" class=\"alignnone size-full wp-image-2263\" src=\"http:\/\/www.wtfsales.com.ar\/productos\/wp-content\/uploads\/2016\/09\/Catalogo-Tazas-022.jpg\" alt=\"Catalogo-Tazas-022\" width=\"2096\" height=\"3301\" \/><\/div>\n<div class=\"noticiacaja2\"><\/div>\n","protected":false},"excerpt":{"rendered":"<p>&nbsp; 2 Modelos Exclusivos en conmemoracion del 75\u00ba Aniversario de la primera aparicion de Batman! El 23 de julio se ha declarado oficialmente como el \u00abBatman Day&#8217; por motivo del<\/p>\n","protected":false},"featured_media":2222,"comment_status":"open","ping_status":"closed","template":"","meta":[],"product_cat":[413],"product_tag":[165,152,164,150,159,175],"_links":{"self":[{"href":"https:\/\/www.wtfsales.com.ar\/productos\/index.php\/wp-json\/wp\/v2\/product\/2218"}],"collection":[{"href":"https:\/\/www.wtfsales.com.ar\/productos\/index.php\/wp-json\/wp\/v2\/product"}],"about":[{"href":"https:\/\/www.wtfsales.com.ar\/productos\/index.php\/wp-json\/wp\/v2\/types\/product"}],"replies":[{"embeddable":true,"href":"https:\/\/www.wtfsales.com.ar\/productos\/index.php\/wp-json\/wp\/v2\/comments?post=2218"}],"wp:featuredmedia":[{"embeddable":true,"href":"https:\/\/www.wtfsales.com.ar\/productos\/index.php\/wp-json\/wp\/v2\/media\/2222"}],"wp:attachment":[{"href":"https:\/\/www.wtfsales.com.ar\/productos\/index.php\/wp-json\/wp\/v2\/media?parent=2218"}],"wp:term":[{"taxonomy":"product_cat","embeddable":true,"href":"https:\/\/www.wtfsales.com.ar\/productos\/index.php\/wp-json\/wp\/v2\/product_cat?post=2218"},{"taxonomy":"product_tag","embeddable":true,"href":"https:\/\/www.wtfsales.com.ar\/productos\/index.php\/wp-json\/wp\/v2\/product_tag?post=2218"}],"curies":[{"name":"wp","href":"https:\/\/api.w.org\/{rel}","templated":true}]}}