{"id":2041,"date":"2016-09-19T12:39:30","date_gmt":"2016-09-19T12:39:30","guid":{"rendered":"http:\/\/new.wtfsales.com.ar\/productos\/?post_type=product&#038;p=2041"},"modified":"2022-03-18T20:34:02","modified_gmt":"2022-03-18T20:34:02","slug":"capitan-america-the-first-avenger","status":"publish","type":"product","link":"https:\/\/www.wtfsales.com.ar\/productos\/index.php\/producto\/capitan-america-the-first-avenger\/","title":{"rendered":"Capitan America The First Avenger"},"content":{"rendered":"<p>Excelente Figura de Capitan America. Marca HASBRO. Original USA<\/p>\n<p>32 cm x 10 cm x 5 cm<\/p>\n<p>Escudo de 8 cm de circunferencia<\/p>\n<p>Capit\u00e1n Am\u00e9rica: el primer vengador (t\u00edtulo original: Captain America: The First Avenger) es una pel\u00edcula estadounidense de 2011 basada en el superh\u00e9roe de Marvel C\u00f3mics, el Capit\u00e1n \u00c1merica. Fue dirigida por el director estadounidense Joe Johnston y escrita por Stephen McFeely y Christopher Markus.<\/p>\n","protected":false},"excerpt":{"rendered":"<p>Excelente Figura de Capitan America. Marca HASBRO. Original USA 32 cm x 10 cm x 5 cm Escudo de 8 cm de circunferencia Capit\u00e1n Am\u00e9rica: el primer vengador (t\u00edtulo original:<\/p>\n","protected":false},"featured_media":3578,"comment_status":"open","ping_status":"closed","template":"","meta":[],"product_cat":[408],"product_tag":[167],"_links":{"self":[{"href":"https:\/\/www.wtfsales.com.ar\/productos\/index.php\/wp-json\/wp\/v2\/product\/2041"}],"collection":[{"href":"https:\/\/www.wtfsales.com.ar\/productos\/index.php\/wp-json\/wp\/v2\/product"}],"about":[{"href":"https:\/\/www.wtfsales.com.ar\/productos\/index.php\/wp-json\/wp\/v2\/types\/product"}],"replies":[{"embeddable":true,"href":"https:\/\/www.wtfsales.com.ar\/productos\/index.php\/wp-json\/wp\/v2\/comments?post=2041"}],"wp:featuredmedia":[{"embeddable":true,"href":"https:\/\/www.wtfsales.com.ar\/productos\/index.php\/wp-json\/wp\/v2\/media\/3578"}],"wp:attachment":[{"href":"https:\/\/www.wtfsales.com.ar\/productos\/index.php\/wp-json\/wp\/v2\/media?parent=2041"}],"wp:term":[{"taxonomy":"product_cat","embeddable":true,"href":"https:\/\/www.wtfsales.com.ar\/productos\/index.php\/wp-json\/wp\/v2\/product_cat?post=2041"},{"taxonomy":"product_tag","embeddable":true,"href":"https:\/\/www.wtfsales.com.ar\/productos\/index.php\/wp-json\/wp\/v2\/product_tag?post=2041"}],"curies":[{"name":"wp","href":"https:\/\/api.w.org\/{rel}","templated":true}]}}