{"id":2029,"date":"2016-09-19T12:31:01","date_gmt":"2016-09-19T12:31:01","guid":{"rendered":"http:\/\/new.wtfsales.com.ar\/productos\/?post_type=product&#038;p=2029"},"modified":"2021-12-13T19:53:43","modified_gmt":"2021-12-13T19:53:43","slug":"totoro-billetera-monedero-directo-de-japon","status":"publish","type":"product","link":"https:\/\/www.wtfsales.com.ar\/productos\/index.php\/producto\/totoro-billetera-monedero-directo-de-japon\/","title":{"rendered":"Totoro Billetera Monedero directo de Japon"},"content":{"rendered":"<p>Billetera &#8211; Monedero de de Totoro en cuero sintetico.<\/p>\n<div>12 cm x 10 cm \u00a0Dise\u00f1o increible! Detalles en impresion. Cierre metallico e interior de muy buena calidad. La boca viene cocida y superpuesta con cuero.<\/div>\n<div>Importados directamente de Japon!<\/div>\n<div>Colecciones unicas que solo podes encontrar en WTF SALES!!<\/div>\n<div><\/div>\n<div>\n<div>Studio Ghibli (\u30b9\u30bf\u30b8\u30aa\u30b8\u30d6\u30ea Sutajio Jiburi?) es un estudio japon\u00e9s de animaci\u00f3n, y considerado por la cr\u00edtica especializada y muchos cin\u00e9filos como uno de los mejores estudios de animaci\u00f3n del mundo en la actualidad.<\/div>\n<div>Su nombre deriva del apodo que los italianos usan para sus aviones de exploraci\u00f3n del Sahara en la Segunda Guerra Mundial, el cual deriva de la palabra italiana usada para el viento arenoso, caliente y seco que sopla en el desierto del Sahara. Aunque el nombre es del italiano, la pronunciaci\u00f3n cuando se refiere al Estudio es &#8216;ji-bree&#8217; o &#8216;ji-bu-ri&#8217;, para adaptarse a la fon\u00e9tica de la lengua japonesa. La teor\u00eda detr\u00e1s del nombre era que ellos estaban \u00absoplando\u00bb un nuevo viento en la industria de la animaci\u00f3n.<\/div>\n<div>Fundado en 1985, est\u00e1 dirigido por el altamente galardonado director Hayao Miyazaki (\u5bae\u5d0e \u99ff Miyazaki Hayao) junto a su colega y mentor Isao Takahata. Sus or\u00edgenes datan de 1983, con la pel\u00edcula Nausic\u00e4a del Valle del Viento (\u98a8\u306e\u8c37\u306e\u30ca\u30a6\u30b7\u30ab Kaze no tani no Naushika, 1984), que empez\u00f3 como un manga en una publicaci\u00f3n de la revista Tokuma Shoten (\u5fb3\u9593\u66f8\u5e97). Tokuma era la compa\u00f1\u00eda \u00abmadre\u00bb del Estudio Ghibli, y cedi\u00f3 a Disney los derechos de video y distribuci\u00f3n de varias pel\u00edculas; entre ellas La princesa Mononoke (\u3082\u306e\u306e\u3051\u59eb Mononoke Hime, 1997) y El viaje de Chihiro (\u5343\u3068\u5343\u5c0b\u306e\u795e\u96a0\u3057 Sen to Chihiro no Kamikakushi, 2001). El compositor Joe Hisaishi ha creado la banda sonora para muchas de las pel\u00edculas del Studio Ghibli.<\/div>\n<div>Debido a la fama de los estudios se abri\u00f3 en las afueras de Tokio el Museo Ghibli.<\/div>\n<\/div>\n","protected":false},"excerpt":{"rendered":"<p>Billetera &#8211; Monedero de de Totoro en cuero sintetico. 12 cm x 10 cm \u00a0Dise\u00f1o increible! Detalles en impresion. Cierre metallico e interior de muy buena calidad. La boca viene<\/p>\n","protected":false},"featured_media":2031,"comment_status":"open","ping_status":"closed","template":"","meta":[],"product_cat":[411],"product_tag":[],"_links":{"self":[{"href":"https:\/\/www.wtfsales.com.ar\/productos\/index.php\/wp-json\/wp\/v2\/product\/2029"}],"collection":[{"href":"https:\/\/www.wtfsales.com.ar\/productos\/index.php\/wp-json\/wp\/v2\/product"}],"about":[{"href":"https:\/\/www.wtfsales.com.ar\/productos\/index.php\/wp-json\/wp\/v2\/types\/product"}],"replies":[{"embeddable":true,"href":"https:\/\/www.wtfsales.com.ar\/productos\/index.php\/wp-json\/wp\/v2\/comments?post=2029"}],"wp:featuredmedia":[{"embeddable":true,"href":"https:\/\/www.wtfsales.com.ar\/productos\/index.php\/wp-json\/wp\/v2\/media\/2031"}],"wp:attachment":[{"href":"https:\/\/www.wtfsales.com.ar\/productos\/index.php\/wp-json\/wp\/v2\/media?parent=2029"}],"wp:term":[{"taxonomy":"product_cat","embeddable":true,"href":"https:\/\/www.wtfsales.com.ar\/productos\/index.php\/wp-json\/wp\/v2\/product_cat?post=2029"},{"taxonomy":"product_tag","embeddable":true,"href":"https:\/\/www.wtfsales.com.ar\/productos\/index.php\/wp-json\/wp\/v2\/product_tag?post=2029"}],"curies":[{"name":"wp","href":"https:\/\/api.w.org\/{rel}","templated":true}]}}