{"id":1830,"date":"2016-09-15T13:23:08","date_gmt":"2016-09-15T13:23:08","guid":{"rendered":"http:\/\/new.wtfsales.com.ar\/productos\/?post_type=product&#038;p=1830"},"modified":"2022-03-18T19:55:52","modified_gmt":"2022-03-18T19:55:52","slug":"edward-newgate-one-piece","status":"publish","type":"product","link":"https:\/\/www.wtfsales.com.ar\/productos\/index.php\/producto\/edward-newgate-one-piece\/","title":{"rendered":"Edward Newgate &#8211; One Piece"},"content":{"rendered":"<div>5 cm x 4 cm x 2 cm<\/div>\n<div><\/div>\n<div>Edward Newgate (\u30a8\u30c9\u30ef\u30fc\u30c9\u30fb\u4e8c\u30e5\u30fc\u30b2\u30fc\u30c8, Edow\u0101do Ny\u016bg\u0113to), m\u00e1s conocido como Barbablanca (\u767d\u3072\u3052,Shirohige), fue el capit\u00e1n de Los Piratas de Barbablanca y un terrible rival de Gol D. Roger, tras la muerte de este, era conocido como \u00abEl Hombre m\u00e1s cercano al One Piece\u00bb, adem\u00e1s de como \u00abEl Hombre m\u00e1s Fuerte del Mundo\u00bb.<\/div>\n<div>Era uno de los integrantes del Yonk\u014d, que reinan como Emperadores en la segunda mitad del Grand Line, llamada Nuevo Mundo. \u00c9l comi\u00f3 la Gura Gura no Mi, que lo convirti\u00f3 en un Hombre Terremoto. Al intentar rescatar a Portgas D. Ace, Newgate encontr\u00f3 su fin durante la Batalla de Marineford a manos de su antiguo subordinado, Marshall D. Teach, y su tripulaci\u00f3n, despu\u00e9s, Marshall D. Teach le roba los poderes de la fruta. Antes de morir, confirm\u00f3 al mundo entero la existencia del One Piece lo cual ha hecho que como en la muerte de Roger aumente de nuevo el n\u00famero de pirata.<\/div>\n<div><\/div>\n<div>Barbablanca ten\u00eda un tama\u00f1o anormalmente grande para un ser humano, alrededor de cinco veces el tama\u00f1o de un adulto normal; y a pesar de llevar sobre los hombros una pesada chaqueta de capit\u00e1n blanca con el s\u00edmbolo (la Jolly Roger) de su tripulaci\u00f3n, su torso lleno de cicatrices est\u00e1 al descubierto.<\/div>\n<div>Tambi\u00e9n lleva la cabeza calva cubierta por un pa\u00f1uelo; a pesar de que hace apenas 20 a\u00f1os todav\u00eda luc\u00eda una copiosa melena rubia (que quiz\u00e1 se fuera desluciendo hasta desaparecer del todo debido a los efectos de la edad y agravado por su delicado estado de salud) cubierta por un t\u00edpico tricornio pirata con el mismo s\u00edmbolo que porta su capa. Por aquel entonces su pecho parec\u00eda tener menos cicatrices.<\/div>\n<div><\/div>\n<div>El rasgo que m\u00e1s destacaba de su apariencia era el gran bigote blanco con forma de media luna, directamente responsable del ep\u00edteto Barbablanca.<\/div>\n<div><\/div>\n<div>En la Guerra de Marineford fue uno de los instigadores principales, posicion\u00e1ndose directamente en contra del Gobierno Mundial y liderando el bando pirata. En dicha batalla, el entonces Almirante Akainu le vaporiz\u00f3 una porci\u00f3n del rostro de un s\u00f3lo golpe magm\u00e1tico, perdiendo adem\u00e1s su ojo izquierdo y el extremo izquierdo de su bigote. Fue finalmente asesinado por un \u00faltimo ataque en grupo perpetrado por todos los piratas integrantes de la banda de Barbanegra (salvo el capit\u00e1n) despu\u00e9s de que \u00e9ste se lo ordenara momentos despu\u00e9s de irrumpir en el escenario de la batalla present\u00e1ndose como el precursor de la Nueva Era. Muri\u00f3 de pie, un testimonio de su fuerza de voluntad.<\/div>\n<div><\/div>\n<div>Si bien no en la batalla, en sus otras apariciones m\u00e1s recientes Barbablanca permanec\u00eda unido a numerosos tubos y cat\u00e9teres conectados a m\u00e1quinas y equipos m\u00e9dicos que contribu\u00edan a su tratamiento, debido a los m\u00faltiples problemas de salud que acarreaba a consecuencia de los duros enfrentamientos que hab\u00eda protagonizado con el paso del tiempo y a su avanzada edad. En su barco tambi\u00e9n sol\u00eda estar acompa\u00f1ado de una pareja de enfermeras que supervisaban su estado de salud; aunque no parec\u00eda ser un buen paciente, pues su orgullo le empujaba a revelarse contra la necesidad de ser perpetuamente atendido y cuidado, neg\u00e1ndose a ofrecer cualquier imagen de debilidad.<\/div>\n","protected":false},"excerpt":{"rendered":"<p>5 cm x 4 cm x 2 cm Edward Newgate (\u30a8\u30c9\u30ef\u30fc\u30c9\u30fb\u4e8c\u30e5\u30fc\u30b2\u30fc\u30c8, Edow\u0101do Ny\u016bg\u0113to), m\u00e1s conocido como Barbablanca (\u767d\u3072\u3052,Shirohige), fue el capit\u00e1n de Los Piratas de Barbablanca y un terrible rival<\/p>\n","protected":false},"featured_media":3802,"comment_status":"open","ping_status":"closed","template":"","meta":[],"product_cat":[408],"product_tag":[158,157,156],"_links":{"self":[{"href":"https:\/\/www.wtfsales.com.ar\/productos\/index.php\/wp-json\/wp\/v2\/product\/1830"}],"collection":[{"href":"https:\/\/www.wtfsales.com.ar\/productos\/index.php\/wp-json\/wp\/v2\/product"}],"about":[{"href":"https:\/\/www.wtfsales.com.ar\/productos\/index.php\/wp-json\/wp\/v2\/types\/product"}],"replies":[{"embeddable":true,"href":"https:\/\/www.wtfsales.com.ar\/productos\/index.php\/wp-json\/wp\/v2\/comments?post=1830"}],"wp:featuredmedia":[{"embeddable":true,"href":"https:\/\/www.wtfsales.com.ar\/productos\/index.php\/wp-json\/wp\/v2\/media\/3802"}],"wp:attachment":[{"href":"https:\/\/www.wtfsales.com.ar\/productos\/index.php\/wp-json\/wp\/v2\/media?parent=1830"}],"wp:term":[{"taxonomy":"product_cat","embeddable":true,"href":"https:\/\/www.wtfsales.com.ar\/productos\/index.php\/wp-json\/wp\/v2\/product_cat?post=1830"},{"taxonomy":"product_tag","embeddable":true,"href":"https:\/\/www.wtfsales.com.ar\/productos\/index.php\/wp-json\/wp\/v2\/product_tag?post=1830"}],"curies":[{"name":"wp","href":"https:\/\/api.w.org\/{rel}","templated":true}]}}