{"id":1758,"date":"2016-09-08T15:29:35","date_gmt":"2016-09-08T15:29:35","guid":{"rendered":"http:\/\/new.wtfsales.com.ar\/productos\/?post_type=product&#038;p=1758"},"modified":"2022-02-22T01:31:25","modified_gmt":"2022-02-22T01:31:25","slug":"vegeta-dragon-ball-z","status":"publish","type":"product","link":"https:\/\/www.wtfsales.com.ar\/productos\/index.php\/producto\/vegeta-dragon-ball-z\/","title":{"rendered":"Vegeta &#8211; Dragon Ball Z"},"content":{"rendered":"<div>\n<p>Figura de Acci\u00f3n de Vegeta<\/p>\n<p>11 cm x 6 cm x 3 cm<\/p>\n<p>Con base m\u00f3vil de 7 cm de circunferencia<\/p>\n<\/div>\n<div>Vegeta (\u30d9\u30b8\u30fc\u30bf Bej\u012bta?) es un personaje ficticio del manga y anime Dragon Ball Z. Su nombre proviene de su padre, el Rey Vegeta, as\u00ed como de su planeta de origen, el cual recibi\u00f3 su nombre tras su conquista por parte de los saiyajin. El nombre Vegeta, es una deformaci\u00f3n del ingl\u00e9s Vegetable (\u30d9\u30b8\u30bf\u30d6\u30eb Begitaburu?, Vegetal).<\/div>\n<div><\/div>\n<div>Dada su peculiar personalidad, repleta de orgullo y soberbia, se vio inmerso en una constante disputa con Son Gok\u016b. Otra caracter\u00edstica es que con todos sus enemigos siempre emplea fuerza letal hasta con los mismos guerreros Z. Es el primer enemigo en Dragon Ball Z, aunque despu\u00e9s de los acontecimientos posteriores a la saga de Freezer, se convierte en el antih\u00e9roe m\u00e1s destacado de la serie. Cabe se\u00f1alar que la saga de los saiyajin no es considerada por algunos como una saga distinta a la de Freezer ya que cuando Vegeta y su compa\u00f1ero Nappa llegaron a la Tierra eran sirvientes de Freezer. Por eso se considera que el primer gran enemigo de Son Gok\u016b es Freezer, seguido por Cell y Majin Boo.<\/div>\n","protected":false},"excerpt":{"rendered":"<p>Figura de Acci\u00f3n de Vegeta 11 cm x 6 cm x 3 cm Con base m\u00f3vil de 7 cm de circunferencia Vegeta (\u30d9\u30b8\u30fc\u30bf Bej\u012bta?) es un personaje ficticio del manga<\/p>\n","protected":false},"featured_media":3786,"comment_status":"open","ping_status":"closed","template":"","meta":[],"product_cat":[300,408],"product_tag":[158,264,159,175],"_links":{"self":[{"href":"https:\/\/www.wtfsales.com.ar\/productos\/index.php\/wp-json\/wp\/v2\/product\/1758"}],"collection":[{"href":"https:\/\/www.wtfsales.com.ar\/productos\/index.php\/wp-json\/wp\/v2\/product"}],"about":[{"href":"https:\/\/www.wtfsales.com.ar\/productos\/index.php\/wp-json\/wp\/v2\/types\/product"}],"replies":[{"embeddable":true,"href":"https:\/\/www.wtfsales.com.ar\/productos\/index.php\/wp-json\/wp\/v2\/comments?post=1758"}],"wp:featuredmedia":[{"embeddable":true,"href":"https:\/\/www.wtfsales.com.ar\/productos\/index.php\/wp-json\/wp\/v2\/media\/3786"}],"wp:attachment":[{"href":"https:\/\/www.wtfsales.com.ar\/productos\/index.php\/wp-json\/wp\/v2\/media?parent=1758"}],"wp:term":[{"taxonomy":"product_cat","embeddable":true,"href":"https:\/\/www.wtfsales.com.ar\/productos\/index.php\/wp-json\/wp\/v2\/product_cat?post=1758"},{"taxonomy":"product_tag","embeddable":true,"href":"https:\/\/www.wtfsales.com.ar\/productos\/index.php\/wp-json\/wp\/v2\/product_tag?post=1758"}],"curies":[{"name":"wp","href":"https:\/\/api.w.org\/{rel}","templated":true}]}}