{"id":1446,"date":"2016-09-02T16:40:47","date_gmt":"2016-09-02T16:40:47","guid":{"rendered":"http:\/\/new.wtfsales.com.ar\/productos\/?post_type=product&#038;p=1446"},"modified":"2022-02-22T00:35:50","modified_gmt":"2022-02-22T00:35:50","slug":"teniente-steve-murphy-100-lucha-figura-de-accion","status":"publish","type":"product","link":"https:\/\/www.wtfsales.com.ar\/productos\/index.php\/producto\/teniente-steve-murphy-100-lucha-figura-de-accion\/","title":{"rendered":"Teniente Steve Murphy 100% Lucha Figura de Acci\u00f3n"},"content":{"rendered":"<p>Figura de Accion de 100% Lucha<\/p>\n<p>Con una carta con la imagen<\/p>\n<p>9 cm x 5 cm x 2 cm<\/p>\n<p>Teniente Steve Murphy, el desertor<\/p>\n<p>Lugar de nacimiento: Utah, USA<br \/>\nPeso: 97 Kg<br \/>\nAltura: 1, 85 M<br \/>\nAtaque favorito: Golpe de codo<\/p>\n<p>Otro de los punteros del campeonato. No estaba de acuerdo con la pol\u00edtica de su pa\u00eds y se escap\u00f3<br \/>\ncruzando la frontera con Mexico. Ahora s\u00f3lo puede volver a su pa\u00eds con el cintur\u00f3n de campeones<br \/>\ny la mancuerda dorada. Un soldado sin insignas, ni honor. Entra con sus chicas de las fuerzas armadas<br \/>\ny d\u00e1 un discurso que Leo Montero traduce. Lo \u00fanico que quiere es pelear contra Viloni y La Masa lo<br \/>\nm\u00e1s seguido posible para mantenerlos abajo de \u00e9l en la tabla de posiciones. Es seguido muy de cerca<br \/>\npor Ron Doxon, el agente secreto de Los Angeles<\/p>\n","protected":false},"excerpt":{"rendered":"<p>Figura de Accion de 100% Lucha Con una carta con la imagen 9 cm x 5 cm x 2 cm Teniente Steve Murphy, el desertor Lugar de nacimiento: Utah, USA<\/p>\n","protected":false},"featured_media":3777,"comment_status":"open","ping_status":"closed","template":"","meta":[],"product_cat":[417,410],"product_tag":[240,180,199,159,175],"_links":{"self":[{"href":"https:\/\/www.wtfsales.com.ar\/productos\/index.php\/wp-json\/wp\/v2\/product\/1446"}],"collection":[{"href":"https:\/\/www.wtfsales.com.ar\/productos\/index.php\/wp-json\/wp\/v2\/product"}],"about":[{"href":"https:\/\/www.wtfsales.com.ar\/productos\/index.php\/wp-json\/wp\/v2\/types\/product"}],"replies":[{"embeddable":true,"href":"https:\/\/www.wtfsales.com.ar\/productos\/index.php\/wp-json\/wp\/v2\/comments?post=1446"}],"wp:featuredmedia":[{"embeddable":true,"href":"https:\/\/www.wtfsales.com.ar\/productos\/index.php\/wp-json\/wp\/v2\/media\/3777"}],"wp:attachment":[{"href":"https:\/\/www.wtfsales.com.ar\/productos\/index.php\/wp-json\/wp\/v2\/media?parent=1446"}],"wp:term":[{"taxonomy":"product_cat","embeddable":true,"href":"https:\/\/www.wtfsales.com.ar\/productos\/index.php\/wp-json\/wp\/v2\/product_cat?post=1446"},{"taxonomy":"product_tag","embeddable":true,"href":"https:\/\/www.wtfsales.com.ar\/productos\/index.php\/wp-json\/wp\/v2\/product_tag?post=1446"}],"curies":[{"name":"wp","href":"https:\/\/api.w.org\/{rel}","templated":true}]}}