{"id":1205,"date":"2016-08-17T16:31:18","date_gmt":"2016-08-17T16:31:18","guid":{"rendered":"http:\/\/new.wtfsales.com.ar\/productos\/?post_type=product&#038;p=1205"},"modified":"2022-02-21T23:54:24","modified_gmt":"2022-02-21T23:54:24","slug":"rosita-la-novia-del-topo-gigio-retro-60","status":"publish","type":"product","link":"https:\/\/www.wtfsales.com.ar\/productos\/index.php\/producto\/rosita-la-novia-del-topo-gigio-retro-60\/","title":{"rendered":"Rosita la novia del Topo Gigio Retro 60&#8242;"},"content":{"rendered":"<p>16 cm x 8,5 cm x 4,5 cm<\/p>\n<p>Material: Goma semi blanda.<\/p>\n<p>En perfecto estado<\/p>\n<p>La serie de el Topo Gigio es sobre un rat\u00f3n marioneta de la televisi\u00f3n infantil que representa a un ratoncito italiano.<\/p>\n<div>Fue creado por Maria Perego en 1958. Su primera aparici\u00f3n televisiva fue en 1959 en el programa italiano Canzonissima y su voz original fue interpretada por el actor Peppino Mazzullo.<\/div>\n<div><\/div>\n<div>Debido a su nombre, algunos espectadores de habla hispana cre\u00edan que Topo Gigio era un topo en lugar de un rat\u00f3n, sin considerar que rat\u00f3n en italiano se dice topo.<\/div>\n<div><\/div>\n<div>El trabajo de animaci\u00f3n de este personaje fue famoso, como lo fue su \u00abca\u00edda de ojos\u00bb, cuando le daba verg\u00fcenza o quer\u00eda conseguir algo.<\/div>\n<div>En sus apariciones televisivas, Topo Gigio dialogaba con su contraparte humana y contaba historias y cantaba canciones, como lo son:<\/div>\n<div><\/div>\n<div>\u00abA la camita&#8230;\u00bb.<\/div>\n<div>\u00abEn un bosque de la China\u00bb.<\/div>\n<div>\u00ab\u00a1Lo dije yo primero, lo dije yo primero!!\u00bb.<\/div>\n<div>\u00abQuiero ser como mi pap\u00e1\u00bb.<\/div>\n<div>Entre algunas caracter\u00edsticas que ha mostrado se encuentran que:<\/div>\n<div>Topo Gigio se considera un ratoncito pac\u00edfico.<\/div>\n<div>Dice oraciones, incluyendo las dirigidas a \u00abSan Peppino\u00bb.<\/div>\n<div><\/div>\n<div>Ha sido un gran admirador de Brigitte Bardot.<\/div>\n<div><\/div>\n<div>Cuando Topo Gigio apareci\u00f3 originalmente en televisi\u00f3n, sus programas fueron vistos en blanco y negro, y posteriormente a color. Sus programas han sido grabados en DVD.<\/div>\n<div><\/div>\n<div>Se llegaron a crear mu\u00f1ecos en su forma para venta comercial.<\/div>\n","protected":false},"excerpt":{"rendered":"<p>16 cm x 8,5 cm x 4,5 cm Material: Goma semi blanda. En perfecto estado La serie de el Topo Gigio es sobre un rat\u00f3n marioneta de la televisi\u00f3n infantil<\/p>\n","protected":false},"featured_media":3939,"comment_status":"open","ping_status":"closed","template":"","meta":[],"product_cat":[417,410],"product_tag":[209,152,193,150,159,175],"_links":{"self":[{"href":"https:\/\/www.wtfsales.com.ar\/productos\/index.php\/wp-json\/wp\/v2\/product\/1205"}],"collection":[{"href":"https:\/\/www.wtfsales.com.ar\/productos\/index.php\/wp-json\/wp\/v2\/product"}],"about":[{"href":"https:\/\/www.wtfsales.com.ar\/productos\/index.php\/wp-json\/wp\/v2\/types\/product"}],"replies":[{"embeddable":true,"href":"https:\/\/www.wtfsales.com.ar\/productos\/index.php\/wp-json\/wp\/v2\/comments?post=1205"}],"wp:featuredmedia":[{"embeddable":true,"href":"https:\/\/www.wtfsales.com.ar\/productos\/index.php\/wp-json\/wp\/v2\/media\/3939"}],"wp:attachment":[{"href":"https:\/\/www.wtfsales.com.ar\/productos\/index.php\/wp-json\/wp\/v2\/media?parent=1205"}],"wp:term":[{"taxonomy":"product_cat","embeddable":true,"href":"https:\/\/www.wtfsales.com.ar\/productos\/index.php\/wp-json\/wp\/v2\/product_cat?post=1205"},{"taxonomy":"product_tag","embeddable":true,"href":"https:\/\/www.wtfsales.com.ar\/productos\/index.php\/wp-json\/wp\/v2\/product_tag?post=1205"}],"curies":[{"name":"wp","href":"https:\/\/api.w.org\/{rel}","templated":true}]}}