{"id":1186,"date":"2016-08-17T16:14:49","date_gmt":"2016-08-17T16:14:49","guid":{"rendered":"http:\/\/new.wtfsales.com.ar\/productos\/?post_type=product&#038;p=1186"},"modified":"2022-02-21T23:49:00","modified_gmt":"2022-02-21T23:49:00","slug":"cuchillo-de-rambo-retro-80-con-luz","status":"publish","type":"product","link":"https:\/\/www.wtfsales.com.ar\/productos\/index.php\/producto\/cuchillo-de-rambo-retro-80-con-luz\/","title":{"rendered":"Cuchillo de Rambo Retro 80&#8242; con luz"},"content":{"rendered":"<p>Cuchillo de Rambo con linterna en la parte trasera.<\/p>\n<p>Retro de los 80&#8242; Solo para coleccionistas<\/p>\n<p>El personaje ficticio de John James Rambo naci\u00f3 el 6 de julio de 1947 en Bowie, Arizona, en una familia mezcla de griegos, alemanes y nativos americanos. Al acabar el instituto se alist\u00f3 en el Ej\u00e9rcito de los Estados Unidos, el 6 de julio de 1966, y fue destinado a Vietnam en septiembre de ese mismo a\u00f1o. Regres\u00f3 a Estados Unidos en 1967 y comenz\u00f3 a entrenarse como miembro de las Fuerzas Especiales en Fort Bragg, Carolina del Norte. A finales de 1969 fue destinado nuevamente a Vietnam, pero a otro frente de batalla. En noviembre de 1971 fue capturado por las fuerzas norvietnamitas cerca de la frontera con China. Junto a otro prisionero americano fue llevado a un campo POW (Prisoners Of War, prisioneros de guerra), donde fue torturado. Pudo escapar de aquel campo en 1972, pero le destinaron a otro frente. El 17 de septiembre de 1974 acab\u00f3 su servicio y pudo volver a casa. A su regreso comprob\u00f3 la animadversi\u00f3n de muchos de sus conciudadanos hacia aquellos que hab\u00edan luchado en Vietnam.<\/p>\n<div><\/div>\n<div>Aproximadamente ocho a\u00f1os m\u00e1s tarde, Rambo tiene dificultades paraa daptarse a la vida como civil y decide realizar unos viajes por Estados Unidos. Estos viajes dar\u00e1n un nuevo cambio a su vida, quiz\u00e1s m\u00e1s profundo que los que experiment\u00f3 en la guerra.<\/div>\n<div>Durante su viaje sin rumbo, llega a un peque\u00f1o pueblo de monta\u00f1a del estado de Washington, Hope, y tiene problemas con el sheriff Will Teasle, veterano de la guerra de Corea, que le conmina a irse. Rambo se niega y el sheriff arresta a Rambo por vagabundear y por resistencia (falsa) al arresto.<\/div>\n<div><\/div>\n<div>Es llevado a la comisar\u00eda, registrado y golpeado por varios agentes. Durante los golpes y la ducha forzada, Rambo experimentar\u00e1 recuerdos muy v\u00edvidos de su estancia como prisionero de guerra. Cuando un oficial de polic\u00eda trata de afeitarlo, Rambo estalla al recordar un pasaje de su tortura; golpea a los oficiales, roba una motocicleta y se dirige a las monta\u00f1as para esconderse.<\/div>\n<div>Un peque\u00f1o grupo de polic\u00edas sale en su busca para capturarle, pero en vano, no logra ser capturado debido a que Rambo es especialista en t\u00e9cnicas de guerrilla. Entonces el sheriff Teasle decide llamar a la Guardia Nacional. El antiguo oficial al mando de Rambo, el coronel Sam Trautman, advierte a las autoridades del riesgo de intentar capturar a Rambo, dada su experiencia en combate.<\/div>\n<div>La Guardia Nacional encuentra el escondite de Rambo, la entrada de una mina, y deciden lanzarle una granada auotopropulsada LAW 72. Rambo, sabiendo que sus perseguidores le creen muerto, se escabulle por los t\u00faneles y encuentra otra salida cerca de la carretera principal del pueblo. Roba una ametralladora M60 de la Guardia Nacional y vuelve al pueblo, donde destruye una gasolinera, postes de tel\u00e9fono y una tienda local.<\/div>\n<div><\/div>\n<div>Rambo localiza a Teasle sobre la azotea de la comisar\u00eda. Pero cuando se dispone a acabar con su vida, el coronel Trautman aparece para decirle que acabe ya con su miniguerra. Rambo se rinde y es llevado a la c\u00e1rcel.<\/div>\n<div><\/div>\n<div><\/div>\n<div>Hay, sobre todo, dos grandes diferencias entre la novela original y la adaptaci\u00f3n cinematogr\u00e1fica. La primera corresponde al trato del personaje: Rambo se comporta en la novela como un fr\u00edo asesino que se siente perseguido, y acaba con la vida de bastantes de sus perseguidores; en cambio, la pel\u00edcula muestra que las (pocas) muertes que causa Rambo nunca son de forma directa. Es un personaje m\u00e1s noble y compasivo, y con tendencia al hero\u00edsmo.<\/div>\n<div><\/div>\n<div>La segunda gran diferencia est\u00e1 en el final del personaje. En la novela, Rambo muere a manos de Trautman. El enfrentamiento entre Rambo y el sheriff Teasle (eje de toda la novela) acaba con la muerte de ambos. En la pel\u00edcula, se produce una escena dram\u00e1tica, de cuya primera parte se puede concluir, respecto de Rambo, que para \u00e9l, el mundo no funciona de manera justa debido a que lucho para ganar, perdi\u00f3, y al volver se encontr\u00f3 con un trato que no merec\u00eda; aunque esto se debe m\u00e1s bien a que se vio obligado a cambiar, abruptamente, la vida que llevaba en la guerra a la que se acostumbro, a la vida de un civil cualquiera, y que, por esta misma raz\u00f3n, no ha sido capaz de adaptarse al mundo desde que termin\u00f3 su servicio, dando a entender que esta \u00abminiguerra\u00bb fue lo que termin\u00f3 por cansarlo. Otro factor influyente fue que perdi\u00f3 a uno de sus mejores amigos de una manera brutal, para acabar desenvolviendose en un alargado relato de como perdi\u00f3 a este amigo, quien no pudo cumplir sus sue\u00f1os, dando un paso tras otro hasta el llanto, tras lo cual se rinde y es encarcelado.<\/div>\n","protected":false},"excerpt":{"rendered":"<p>Cuchillo de Rambo con linterna en la parte trasera. Retro de los 80&#8242; Solo para coleccionistas El personaje ficticio de John James Rambo naci\u00f3 el 6 de julio de 1947<\/p>\n","protected":false},"featured_media":3905,"comment_status":"open","ping_status":"closed","template":"","meta":[],"product_cat":[417,410],"product_tag":[170,152,193,150,175],"_links":{"self":[{"href":"https:\/\/www.wtfsales.com.ar\/productos\/index.php\/wp-json\/wp\/v2\/product\/1186"}],"collection":[{"href":"https:\/\/www.wtfsales.com.ar\/productos\/index.php\/wp-json\/wp\/v2\/product"}],"about":[{"href":"https:\/\/www.wtfsales.com.ar\/productos\/index.php\/wp-json\/wp\/v2\/types\/product"}],"replies":[{"embeddable":true,"href":"https:\/\/www.wtfsales.com.ar\/productos\/index.php\/wp-json\/wp\/v2\/comments?post=1186"}],"wp:featuredmedia":[{"embeddable":true,"href":"https:\/\/www.wtfsales.com.ar\/productos\/index.php\/wp-json\/wp\/v2\/media\/3905"}],"wp:attachment":[{"href":"https:\/\/www.wtfsales.com.ar\/productos\/index.php\/wp-json\/wp\/v2\/media?parent=1186"}],"wp:term":[{"taxonomy":"product_cat","embeddable":true,"href":"https:\/\/www.wtfsales.com.ar\/productos\/index.php\/wp-json\/wp\/v2\/product_cat?post=1186"},{"taxonomy":"product_tag","embeddable":true,"href":"https:\/\/www.wtfsales.com.ar\/productos\/index.php\/wp-json\/wp\/v2\/product_tag?post=1186"}],"curies":[{"name":"wp","href":"https:\/\/api.w.org\/{rel}","templated":true}]}}